prime factors of 5104?
2, 11, 29
What are the prime factors of 100?
2, 5
What are the prime factors of 102550?
2, 5, 7, 293
List the prime factors of 24004.
2, 17, 353
What are the prime factors of 10260?
2, 3, 5, 19
What are the prime factors of 2643?
3, 881
List the prime factors of 30750.
2, 3, 5, 41
What are the prime factors of 69516?
2, 3, 1931
List the prime factors of 14487.
3, 11, 439
List the prime factors of 37688.
2, 7, 673
List the prime factors of 17481.
3, 5827
What are the prime factors of 25995?
3, 5, 1733
What are the prime factors of 14797?
14797
What are the prime factors of 2534?
2, 7, 181
List the prime factors of 5449.
5449
List the prime factors of 80949.
3, 11, 223
What are the prime factors of 5261?
5261
What are the prime factors of 4830?
2, 3, 5, 7, 23
What are the prime factors of 171455?
5, 53, 647
List the prime factors of 3269.
7, 467
List the prime factors of 19518.
2, 3, 3253
What are the prime factors of 2588?
2, 647
What are the prime factors of 455?
5, 7, 13
What are the prime factors of 25195?
5, 5039
What are the prime factors of 866?
2, 433
What are the prime factors of 1481?
1481
List the prime factors of 24834.
2, 3, 4139
List the prime factors of 8052.
2, 3, 11, 61
What are the prime factors of 142090?
2, 5, 13, 1093
What are the prime factors of 34151?
13, 37, 71
What are the prime factors of 2368?
2, 37
What are the prime factors of 432?
2, 3
What are the prime factors of 59661?
3, 7, 947
List the prime factors of 692.
2, 173
What are the prime factors of 9631?
9631
What are the prime factors of 1988?
2, 7, 71
List the prime factors of 3924.
2, 3, 109
List the prime factors of 4499.
11, 409
List the prime factors of 252.
2, 3, 7
List the prime factors of 54089.
7, 7727
What are the prime factors of 9626?
2, 4813
What are the prime factors of 47259?
3, 59, 89
What are the prime factors of 37819?
59, 641
What are the prime factors of 1257?
3, 419
List the prime factors of 8711.
31, 281
What are the prime factors of 77496?
2, 3, 3229
List the prime factors of 55943.
43, 1301
What are the prime factors of 401?
401
List the prime factors of 3086.
2, 1543
List the prime factors of 20735.
5, 11, 13, 29
List the prime factors of 14741.
14741
What are the prime factors of 31495?
5, 6299
List the prime factors of 11540.
2, 5, 577
List the prime factors of 82559.
82559
What are the prime factors of 76575?
3, 5, 1021
What are the prime factors of 569?
569
List the prime factors of 11043.
3, 409
What are the prime factors of 207?
3, 23
What are the prime factors of 676?
2, 13
List the prime factors of 115.
5, 23
What are the prime factors of 11556?
2, 3, 107
List the prime factors of 715.
5, 11, 13
What are the prime factors of 6641?
29, 229
List the prime factors of 9929.
9929
What are the prime factors of 693?
3, 7, 11
What are the prime factors of 3364?
2, 29
List the prime factors of 1060.
2, 5, 53
What are the prime factors of 1157?
13, 89
List the prime factors of 5519.
5519
List the prime factors of 16396.
2, 4099
What are the prime factors of 11744?
2, 367
List the prime factors of 6621.
3, 2207
List the prime factors of 57104.
2, 43, 83
What are the prime factors of 2093?
7, 13, 23
What are the prime factors of 536?
2, 67
List the prime factors of 135.
3, 5
List the prime factors of 985.
5, 197
What are the prime factors of 1253?
7, 179
List the prime factors of 19091.
17, 1123
What are the prime factors of 622?
2, 311
List the prime factors of 6640.
2, 5, 83
List the prime factors of 12701.
13, 977
List the prime factors of 4929.
3, 31, 53
List the prime factors of 2401.
7
What are the prime factors of 22565?
5, 4513
List the prime factors of 682.
2, 11, 31
What are the prime factors of 7255?
5, 1451
What are the prime factors of 7109?
7109
What are the prime factors of 77126?
2, 7, 787
What are the prime factors of 11769?
3, 3923
What are the prime factors of 159603?
3, 53201
What are the prime factors of 1700?
2, 5, 17
What are the prime factors of 624?
2, 3, 13
List the prime factors of 1612.
2, 13, 31
List the prime factors of 977.
977
What are the prime factors of 262?
2, 131
What are the prime factors of 3416?
2, 7, 61
What are the prime factors of 32524?
2, 47, 173
What are the prime factors of 378?
2, 3, 7
List the prime factors of 4538.
2, 2269
List the prime factors of 65491.
79, 829
List the prime factors of 10146.
2, 3, 19, 89
What are the prime factors of 2067?
3, 13, 53
What are the prime factors of 45537?
3, 43, 353
What are the prime factors of 1501?
19, 79
List the prime factors of 23182.
2, 67, 173
What are the prime factors of 894?
2, 3, 149
List the prime factors of 13671.
3, 7, 31
List the prime factors of 2222.
2, 11, 101
List the prime factors of 35084.
2, 7, 179
What are the prime factors of 5603?
13, 431
List the prime factors of 15734.
2, 7867
List the prime factors of 2758.
2, 7, 197
List the prime factors of 6528.
2, 3, 17
What are the prime factors of 265?
5, 53
List the prime factors of 2681.
7, 383
What are the prime factors of 1399?
1399
List the prime factors of 21202.
2, 10601
List the prime factors of 35761.
11, 3251
List the prime factors of 4411.
11, 401
What are the prime factors of 14144?
2, 13, 17
List the prime factors of 3253.
3253
List the prime factors of 7139.
11, 59
List the prime factors of 62517.
3, 7, 13, 229
List the prime factors of 2672.
2, 167
What are the prime factors of 6484?
2, 1621
What are the prime factors of 2739?
3, 11, 83
What are the prime factors of 19511?
109, 179
What are the prime factors of 1792?
2, 7
List the prime factors of 68437.
68437
What are the prime factors of 41715?
3, 5, 103
List the prime factors of 2605.
5, 521
What are the prime factors of 2100?
2, 3, 5, 7
List the prime factors of 987.
3, 7, 47
List the prime factors of 2019.
3, 673
List the prime factors of 1824.
2, 3, 19
List the prime factors of 91714.
2, 7, 6551
List the prime factors of 4894.
2, 2447
List the prime factors of 10889.
10889
What are the prime factors of 27498?
2, 3, 4583
What are the prime factors of 57898?
2, 28949
What are the prime factors of 10910?
2, 5, 1091
What are the prime factors of 16970?
2, 5, 1697
What are the prime factors of 1031?
1031
What are the prime factors of 174666?
2, 3, 43, 677
What are the prime factors of 15540?
2, 3, 5, 7, 37
List the prime factors of 830.
2, 5, 83
What are the prime factors of 70?
2, 5, 7
List the prime factors of 340.
2, 5, 17
What are the prime factors of 61300?
2, 5, 613
What are the prime factors of 88621?
13, 17, 401
List the prime factors of 51109.
51109
List the prime factors of 653.
653
List the prime factors of 11838.
2, 3, 1973
List the prime factors of 4779.
3, 59
List the prime factors of 85883.
7, 12269
What are the prime factors of 1435?
5, 7, 41
What are the prime factors of 17315?
5, 3463
List the prime factors of 48380.
2, 5, 41, 59
What are the prime factors of 118031?
17, 53, 131
What are the prime factors of 16980?
2, 3, 5, 283
List the prime factors of 1619.
1619
List the prime factors of 4022.
2, 2011
What are the prime factors of 127111?
79, 1609
List the prime factors of 86982.
2, 3, 7, 19, 109
What are the prime factors of 2421?
3, 269
What are the prime factors of 4945?
5, 23, 43
What are the prime factors of 3263?
13, 251
What are the prime factors of 15916?
2, 23, 173
What are the prime factors of 16172?
2, 13, 311
List the prime factors of 146828.
2, 11, 47, 71
What are the prime factors of 7837?
17, 461
What are the prime factors of 2279?
43, 53
List the prime factors of 1961.
37, 53
What are the prime factors of 1039?
1039
What are the prime factors of 1581?
3, 17, 31
What are the prime factors of 7985?
5, 1597
List the prime factors of 1516.
2, 379
List the prime factors of 21305.
5, 4261
What are the prime factors of 153676?
2, 103, 373
List the prime factors of 13925.
5, 557
What are the prime factors of 508?
2, 127
List the prime factors of 1405.
5, 281
List the prime factors of 1671.
3, 557
What are the prime factors of 10479?
3, 7, 499
What are the prime factors of 776?
2, 97
List the prime factors of 1980.
2, 3, 5, 11
List the prime factors of 892.
2, 223
List the prime factors of 36645.
3, 5, 7, 349
What are the prime factors of 13230?
2, 3, 5, 7
What are the pri